t of j?
7
Suppose 0 = -r + 1, -5*f - r + 80 + 41 = 0. Let h = -17 + f. What is the units digit of ((-21)/2)/(h/(-28))?
2
Suppose 0*z - 375 = -3*z. Let s = 181 - z. What is the tens digit of s?
5
Let q = -23 - -35. Let s = -16 + q. What is the units digit of 21 - s*2/(-8)?
0
Let s be (11 - 0)*9/9. Suppose -5*g = -19 - s. What is the units digit of g?
6
Let n = -13 - -15. Suppose -3*q - 41 = -5*v, -n*v + 3*q = -q - 8. What is the units digit of v?
0
Let i = -2470 - -3856. What is the thousands digit of i?
1
Let k(b) = 12 - 11*b + 12*b - 10*b + b**2. Let a be k(-9). Let h = a + -115. What is the tens digit of h?
5
What is the units digit of (-4*4/5)/(20/(-550))?
8
Suppose 2862 = -10*b + 16*b. What is the tens digit of b?
7
What is the hundreds digit of ((-10)/(-20))/(1/606)?
3
Let s be (-4)/((-6)/3) + 3. Suppose 12 = -q + s*q. Suppose -q*c = -9*c + 102. What is the units digit of c?
7
Suppose 0 = 4*z - 3*j - 14136, 3*z + 4*j + 0*j = 10602. What is the hundreds digit of z?
5
Let a be ((-32)/10)/((-12)/30). Suppose 0 = a*v + v. What is the tens digit of (-10 + v)*68/(-10)?
6
Let n(p) = -4*p**3 + 8*p**2 - 5*p + 28. What is the hundreds digit of n(-7)?
8
Suppose 1058 = 2*f - u, u + u = 5*f - 2646. What is the units digit of f?
0
Let x be (-6 + 6)/(0 - -2). Suppose -2*v = -x*v + 130. What is the tens digit of v/(-1) + (-3 - -3)?
6
What is the thousands digit of (3638 - 4) + (-2 - (8 + -6))?
3
Let a be 3/(-6)*(1 - -15). Let d = a + 11. Suppose -z = 3*j - 22, -2*j + d*j + 5*z + 16 = 0. What is the units digit of j?
9
Let q(d) be the first derivative of -5*d**2 + 3*d + 9. What is the tens digit of q(-2)?
2
Suppose 5*n = 2*v + 19, 5*n - 4*v - 10 - 3 = 0. Suppose 5*x - 2*x - n = -c, -x + 15 = -3*c. Let z(q) = 2*q**2 - 7*q - 12. What is the tens digit of z(c)?
4
Let d(c) = -c**2 - c + 96. Suppose 5*k = 41 - 41. What is the tens digit of d(k)?
9
Suppose -2*g + 6*p - 10*p + 3128 = 0, 0 = 3*g - 5*p - 4747. What is the tens digit of g?
7
Let b = 44 + -46. Let t(p) = -34*p + 2. What is the units digit of t(b)?
0
Let x = 1256 - 571. What is the tens digit of x?
8
Suppose 14*q + 2975 = 5*j + 18*q, -4*q - 3015 = -5*j. What is the hundreds digit of j?
5
Suppose -u + 136 - 28 = b, -3*u - 2*b + 320 = 0. Suppose 0 = -v - 15 + u. What is the units digit of v?
9
Suppose 5*s + 2 = -8, -98 = 2*n + 2*s. Let h be (70 + 1/(-1))*1. Let k = n + h. What is the units digit of k?
2
Suppose 277 = 3*w + s, 6*w - 281 = 3*w - 2*s. Let o be 52/w - (-3940)/14. Suppose -3*u + 2*u = -4*i + o, -2*i - u + 144 = 0. What is the tens digit of i?
7
Let x = 43 - 69. Let u = x - -73. What is the tens digit of u?
4
Let x(g) = -g**3 + 11*g**2 - 11*g - 2. Suppose -2*o + 5*o = 27. What is the tens digit of x(o)?
6
Let p = 4 - 7. What is the tens digit of 10 + p + -4 + 37?
4
Suppose 2 = -2*d, 2*d = -4*j - 3*d + 15. Let c(t) = t**3 - 4*t**2 + 5*t - 12. What is the units digit of c(j)?
8
Suppose -464 = 3*j + 4*y, -4 - 4 = 4*y. Let n be (-3)/(j/140 - -1). Let v = n - 8. What is the units digit of v?
7
Suppose -705 = -2*g + 3431. What is the units digit of g?
8
Suppose -4*o = 13*x - 17*x + 4360, 3*o = 5*x - 5456. What is the hundreds digit of x?
0
Suppose a + 2*c - 8*c = 886, 0 = -4*a + 2*c + 3654. What is the hundreds digit of a?
9
Suppose -j + 1520 = r, 146*j = 3*r + 150*j - 4562. What is the thousands digit of r?
1
Let t(a) be the first derivative of a**4/4 - 14*a**3/3 + 7*a**2 - 3*a + 35. What is the tens digit of t(13)?
1
Let t be 168/27 + 8/(-36). Suppose -3*h = 5*v - t - 249, -2*v = -4*h - 76. Suppose -v = 3*b - 6*b. What is the tens digit of b?
1
Suppose 3*k + 31 - 145 = 0. Let d = 87 + -15. Let u = d - k. What is the units digit of u?
4
Let u = -12 + 48. Let x = 61 - u. What is the units digit of x?
5
Suppose 4*x - 2*x - 145 = 5*a, -5*x - 3*a + 285 = 0. Let q(l) = x - 5*l + 6*l - 59 + l**2. What is the tens digit of q(-8)?
5
Let m(y) = 12 - 25*y - 2 + 11 - 7. What is the units digit of m(-3)?
9
Suppose -4*o - 10330 = -3*j, 8*j + 3441 = 9*j + o. What is the hundreds digit of j?
4
Suppose s + 4*a - 4 = 0, 2*a - 7*a = -10. What is the units digit of (-6)/16*s*(-2)/(-1)?
3
Suppose 5*s + 32 = -8. Let r(h) = -h - 6. Let f be r(s). Suppose -f*o = -o - 57. What is the units digit of o?
7
Suppose y - 4*f = 7, -3*y - y + 5*f + 83 = 0. Let o = 52 + y. What is the tens digit of o?
7
Suppose a + 37 = -2. Let d be a/(-2)*(-70)/(-21). Suppose -d = x - 6*x. What is the tens digit of x?
1
Suppose 0 = -4*b + 4, 69*l + b = 66*l + 1702. What is the tens digit of l?
6
Suppose 2*n + t = 6, -4*t = -0*t. What is the units digit of n*5/(-15) + 47?
6
What is the hundreds digit of 3690/8 - 8/32?
4
Let q = 7 + -7. Suppose 3*l + q*l = 87. What is the tens digit of (-6)/(-3) - l*-1?
3
Suppose -z + 2*z = 2. Suppose -7 + 2 = -5*b - f, z*b - 2*f - 14 = 0. Suppose -b*p + 63 = -25. What is the tens digit of p?
4
Let s = -44 - -22. Let l(u) = -u**3 - 23*u**2 - 20*u + 49. What is the units digit of l(s)?
5
Suppose -54*p = -104*p + 119750. What is the hundreds digit of p?
3
Suppose -y = 6*y - 19649. What is the units digit of y?
7
Suppose 5*c = m + 10, -5*c + 10 = -4*m - 0*m. Let y(b) = -3*b**2 - b**2 + 3*b**c + 1 + 2*b**2. What is the tens digit of y(-5)?
2
Suppose 13 - 29 = 4*d. What is the hundreds digit of (0 + -366)/3*4/d?
1
Let w = 4 - 91. Let t = -36 - w. What is the tens digit of t?
5
Suppose -5*p + 36 + 34 = 0. Let x be (2 + p/(-4))*-2. Suppose 2*q + 2*q - x*b - 192 = 0, 5*q = -2*b + 217. What is the tens digit of q?
4
Suppose -2*h + 2*x + 65 + 27 = 0, -5*x + 175 = 4*h. Suppose 4 = 5*g - j, -j - j = 2*g - 4. What is the tens digit of (g + h)*(-5)/(-10)?
2
Let x(n) = n**3 + 14*n**2 - 39*n - 6. Let f be x(-16). Let z = f - 94. What is the units digit of z?
2
Let c(g) = 7*g**2 + 5*g - 2. Let w be c(3). Let o(u) = -u**2 + 2*u + 53. Let y be o(11). Let d = w + y. What is the units digit of d?
0
Suppose -4*k = -3*i + 10690, -22*i + 27*i - 17808 = -2*k. What is the hundreds digit of i?
5
Suppose 2*a - 488 = 3*p, 5*a - 5*p - 1889 + 664 = 0. What is the units digit of a?
7
Let r be 0/((-1*2)/(-2)). Let w be 0/(1/(-1*5/20)). Suppose w = -4*y - r*y + 44. What is the tens digit of y?
1
What is the hundreds digit of (-27572)/(-16) - (189/(-28) + 7)?
7
Let y = -54 + 50. What is the tens digit of y/6 + (-339)/(-9)?
3
Suppose -8 = -4*v, 15*x - 14*x - 29 = 3*v. What is the units digit of x?
5
Let u(w) = -w**2 + 6*w - 8. Let g be u(6). Let x(l) = -l**3 - 7*l**2 - 6*l + 6. Let j be x(-6). Let v = j - g. What is the tens digit of v?
1
Suppose 3*q + 4*p = -p + 8, 5*q - 5*p = 0. Let f(x) = -x. Let n(g) = -38*g - 1. Let d(v) = q*n(v) + 2*f(v). What is the units digit of d(-1)?
9
Let n = 2714 + -401. What is the tens digit of n?
1
Let c = 68 + -65. What is the units digit of c + (-12)/5 - (-1108)/20?
6
Let c(k) = 13*k**3 + k - 2. Let w be c(1). Let l = 36 - w. What is the units digit of l?
4
Suppose -85377 = -25*q - 17602. What is the thousands digit of q?
2
Let w(a) be the second derivative of 0 - 11/2*a**2 - 7*a + 5/6*a**3. What is the units digit of w(5)?
4
Suppose -199*u = -194*u - 13530. What is the units digit of u?
6
Suppose 17*a = 24*a - 1295. What is the hundreds digit of a?
1
Suppose 9*a - 9381 - 1284 = 0. What is the thousands digit of a?
1
Let x(t) be the first derivative of 4*t**4 + t**2 - t + 7. What is the tens digit of x(1)?
1
Let q = -17 + -4. Let c = q + 33. What is the units digit of c?
2
Let i = 158 - 322. Let h = -117 - i. What is the units digit of h?
7
Let z = 1236 + 1006. What is the thousands digit of z?
2
Suppose 0 = -9*s + 6*s + 45. Let l be s + (-1 - 0 - 1). Suppose 0 = l*u - 15*u + 116. What is the tens digit of u?
5
Let q be 4 + 2*(223 - 5). Let o = q - 301. What is the tens digit of o?
3
Let g = -76 - -119. Suppose 109 + g = r. What is the tens digit of r?
5
What is the tens digit of -4 + 2929 - (10 - 9)?
2
Suppose -o + 71 = -125. Suppose -2*i = -2*d + 196, -d + o = d - i. What is the tens digit of d?
9
Suppose 34*r - 36*r - 4616 = -2*y, 0 = y + 3*r - 2316. What is the units digit of y?
0
Suppose 5*g = 17*g - 372. What is the units digit of g?
1
Let n(i) = 2*i**3 - 7*i**2 + 15*i - 28. What is the hundreds digit of n(6)?
2
Let a(k) = 8 - 4*k - 22 + k - 7*k. What is the tens digit of a(-12)?
0
What is the hundreds 